t. What is the tens digit of t?
5
Let s(m) = -m - 4. Suppose 1 = -2*r - 11. Let i be s(r). What is the units digit of 139/i - (-15)/(-10)?
8
Let i = 102 - 100. Suppose 0 = -8*r - i*r + 3440. What is the tens digit of r?
4
Let x(b) = -b**2 + 5*b. Let j be x(3). Suppose 0*s - 3*s + j = 0. Suppose -a - s*a + 682 = 2*r, -2*a + 2*r = -438. What is the units digit of a?
4
Let m be (2 + 1*-1)/((-74)/(-740)). Suppose -4321 = m*v - 16001. What is the tens digit of v?
6
Let d = 1468 + -859. Let g = -65 + d. What is the units digit of g?
4
Suppose 0 = -23*y + 21914 + 136533. What is the units digit of y?
9
Let t = 75557 - 36825. What is the units digit of t?
2
What is the units digit of (-440)/(-264) - 3/((-18)/6908)?
3
Let n be ((-3)/(-2))/(6/296). Suppose -199*v = -203*v + 376. Suppose n + v = 14*k. What is the tens digit of k?
1
Let r(t) = t**3 - 3*t**2 - 35*t - 31. Let d be r(8). What is the units digit of d/((-54)/42) - -1346?
9
Suppose 13*u + 2*u = -8*u + 272366. What is the units digit of u?
2
Suppose 438*t = 433*t - 4*k + 50483, -5*t = -2*k - 50501. What is the units digit of t?
9
Let i(a) = 185*a**2 + 60*a - 2164. What is the hundreds digit of i(20)?
0
Let m be ((-42)/(-9))/(2/9) + -1. Let q(g) = g**3 - 20*g**2 - 5*g - 15. Let v be q(m). Let u = -77 - v. What is the units digit of u?
8
What is the units digit of 5718/(-12)*(-4)/1?
6
Let c = 46786 - 27941. What is the hundreds digit of c?
8
Suppose 2*p + 474 = 502. What is the thousands digit of (12 - 0 - -2)/(p/1267)?
1
Let o be (-9)/(-27) + ((-11)/(-3) - 3). Let s be 3 + (3 - 1)/1. Suppose 3*y + s*r = 212, 2*r = r + o. What is the units digit of y?
9
Let i = 613 + -367. Let g = i - 41. What is the hundreds digit of g?
2
Let y be (-212)/(-265) - 1316/(-5). What is the units digit of y + -3 + 6 + -3?
4
Suppose -3*p + 2*i + 53254 = 3*i, -p + 17763 = 2*i. What is the ten thousands digit of p?
1
Let n(o) = 78122*o**3 + 7*o**2 - 6*o - 2. What is the tens digit of n(1)?
2
Let q(d) = -4*d + 137. Let b be q(32). Suppose 0 = b*f - 2826 - 1971. What is the hundreds digit of f?
5
Let n(a) be the first derivative of a**6/360 + a**5/30 - a**4/2 - 4*a**3 + 8. Let f(m) be the third derivative of n(m). What is the units digit of f(5)?
3
Let u = 11907 - 6904. What is the thousands digit of u?
5
Suppose 0 = 8*c + 38 - 54. Suppose 13*i = 12*i + c*p + 1094, 4*p - 3262 = -3*i. What is the tens digit of i?
9
Let i = 189890 + -117409. What is the units digit of i?
1
Let c(p) = 379*p**3 - 2*p + 1. Let h be c(1). Let j be h/(-1) + -2 + (-5 - -1). Let o = -214 - j. What is the tens digit of o?
7
Suppose 7*y - 41708 = 13963. What is the thousands digit of y?
7
Suppose -91*w - 6*x + 38868 = -88*w, -51902 = -4*w + 5*x. What is the thousands digit of w?
2
Let v(w) = 133*w**2 - 207*w + 160. What is the ten thousands digit of v(-19)?
5
What is the hundreds digit of (3824/6 - 0)/((-11)/99*-2)?
8
Let w = -479 + 458. Let r(k) = k**3 + 20*k**2 - 41*k - 36. What is the units digit of r(w)?
4
Let w(h) = -113*h - 1262. What is the units digit of w(-16)?
6
Let f be ((-1)/(-3))/(1/(-39)). Let h(q) = -46*q + 67. What is the hundreds digit of h(f)?
6
Let t = 101843 - 56664. What is the hundreds digit of t?
1
Suppose 2*v = -25 + 77. Suppose 0 = 5*w + v - 6. What is the units digit of 1 + 22*2*(-8)/w?
9
Suppose -2*v - 10 + 52 = 0. Suppose -10*u = -v*u + 3465. What is the units digit of u?
5
Let s(j) be the first derivative of -34*j**2 + 8*j + 24. Let l be s(-4). Suppose 5*f = -5*o + l, 2*f = -o + 4*f + 62. What is the units digit of o?
8
Let x = 19065 - 11015. What is the tens digit of x?
5
Suppose -60*k = -121695 - 50625. What is the thousands digit of k?
2
Let u(i) = -10*i - 86. Let s = -186 + 160. What is the tens digit of u(s)?
7
Suppose 13*n - 5*n - 65978 - 43206 = 0. What is the units digit of n?
8
Let i(n) = 5*n**2 + 13*n + 11. Let g be i(-7). Suppose 0 = 2*o - f + 5*f - 48, 5*o + f = g. Suppose -32*p - 104 = -o*p. What is the units digit of p?
2
Let i be (-2)/(5/10*-1). Suppose 137 = t + z, i*t = 3*z - 2*z + 528. What is the tens digit of 3/7 + 9785/t?
7
Suppose 3*n - 41874 = -5*z, -n - 10*z + 6*z + 13958 = 0. What is the thousands digit of n?
3
Suppose 2*t - 28568 = 2*d, t = 1606*d - 1608*d + 14302. What is the ten thousands digit of t?
1
Suppose 20*s - 33832 = 70628. Suppose 31*d = s + 3674. What is the units digit of d?
7
Let q = 43139 + -25390. What is the hundreds digit of q?
7
Suppose -54482 + 566842 = 137*d - 1286313. What is the hundreds digit of d?
1
Let b be 21*-1*(-6)/7. Let t be b/12*(-8)/(-6). Suppose 9*g = t*g + 490. What is the units digit of g?
0
Suppose 4*l - 4*h = 41088, l - 14847 + 4567 = 2*h. What is the units digit of l?
4
Let m(l) = -26*l**3 + 2*l**2 + 2*l + 15. Suppose -5*q = -5*z - 10, -5 + 25 = -5*z - 5*q. What is the hundreds digit of m(z)?
7
Suppose -2*s = 4*p + 10, -p - 6 = p. Let r be -10*(3 - s)/4. What is the units digit of (286 - -9)*(-2)/r?
8
Let t be (6/(-18))/(5/(-90)) + 1179. Let p = t + 364. What is the thousands digit of p?
1
Let h(z) = z**3 - 9*z**2 - 31*z - 62. Let f be h(12). Let o(l) = -124*l - 1. What is the units digit of o(f)?
7
Suppose 6*y = 127 + 1067. Let s = y - 150. What is the units digit of s?
9
Suppose -4207 - 28833 = -2*a. What is the tens digit of a?
2
Let z(q) = -q**3 - 20*q**2 + 79*q - 292. What is the ten thousands digit of z(-38)?
2
Let b be (-64)/(-7) + (-81)/(-21) + -3. Suppose -b*o - 12*o = -12144. What is the hundreds digit of o?
5
Suppose -4*q - c + 9450 + 2013 = 0, q = -2*c + 2864. Suppose 18*r = 20*r + 6, -4*g + q = 2*r. What is the hundreds digit of g?
7
Suppose 0 = -51*f + 52*f - 1742. Suppose 2*l = -2*s - 310 + f, 3*l = 3*s - 2166. What is the units digit of s?
9
Let w be 4*(5 - 4) - 4. Let q be (18 - w) + -4 + 8. Suppose -q*u + 20*u + 190 = 0. What is the units digit of u?
5
Suppose -32 = 3*f - 5*j, -4*f - 3*j - 48 = -f. Let n = f - -300. What is the hundreds digit of n?
2
Suppose 2*s + 3*h = 5*h - 108, 192 = -4*s - 2*h. Let d = s + 700. What is the tens digit of d?
5
Let l(y) = -y**3 - 16*y**2 + 16*y - 13. Let s = -90 - -73. Let z be l(s). Suppose -m + 148 = 3*r, 435 + 125 = z*m + 4*r. What is the tens digit of m?
3
Let k = -35 - -23. Let i be 8/(-2) + (-9)/12*k. Suppose -3*t - 892 = -5*q, i*q + 2*t = t + 876. What is the units digit of q?
6
Let a(r) = 2*r**2 - 4*r + 4. Let c = -34 + 46. Suppose -c = 6*k - 3*k. What is the tens digit of a(k)?
5
Suppose -25*i = -358112 - 107612 - 673801. What is the thousands digit of i?
5
Let g(q) = 2*q**2 - 18*q - 53. Let u be g(-21). Let l = -167 + u. What is the tens digit of l?
4
Suppose -2*x + 18155 = -54399 - 41664. What is the ten thousands digit of x?
5
Suppose 4*y - 5*s + 1022 = -4*s, -2*s - 516 = 2*y. Let c = 1170 + y. What is the hundreds digit of c?
9
Let s = 131885 + -74689. What is the units digit of s?
6
Suppose -499*c + 988*c + 2027386 = 523*c. What is the thousands digit of c?
9
Suppose -95*f = -116*f + 182280. What is the hundreds digit of f?
6
Let h = -10676 + 17625. What is the units digit of h?
9
Suppose 5*w = 4*r - 18148, 18192 = r + 3*r + 6*w. What is the hundreds digit of (-3 + 5/3)*r/(-4)?
5
Let k = -13015 + 33057. What is the ten thousands digit of k?
2
Let f be 19190/475 - (-2)/(-5). What is the units digit of (1 + (-3)/(-3))*20700/f?
5
Suppose -3*w + 76 = -56. Let j = 48 - w. What is the tens digit of -3 - (j + -155 + 3)?
4
Let h = -328 + 381. Let u = h + 811. What is the units digit of u?
4
Let d(g) = 276*g - 6121. What is the tens digit of d(48)?
2
Suppose 4*a + 10 = 2*j, -8*a + 3*a = 3*j - 4. Suppose -972 = 3*z + j*r, 0 = 4*z + 3*r + 1260 + 36. Let g = z + 540. What is the units digit of g?
6
Suppose 41*d - 28*d + 52 = 0. What is the units digit of (1 + d - 0/12)*-82?
6
What is the tens digit of (29/((-1305)/(-38826)))/((-3)/(-20))?
5
Suppose 5*j + 29074 = 4*k, -5*k = 2*j + 18720 - 55046. What is the thousands digit of k?
7
Let p be 1584/9*(4/(-4) + 2). Suppose 183*i - p*i = 483. What is the units digit of i?
9
Suppose y - 3*q + 4*q = -8, -3*q - 15 = 2*y. Let x(r) = -r**3 - 7*r**2 + 7*r + 13. What is the tens digit of x(y)?
1
Suppose 0 = o - 5*w - 69245, 138538 = -36*o + 38*o - 4*w. What is the hundreds digit of o?
2
Let r(x) = -2*x + 3. Let v(z) = z - 4. Let p(o) = -2*r(o) - 3*v(o). Let q be 